the thousands digit of h?
2
Suppose 5*v - 25 = 0, 2*r + 2*v = 4*v - 14. What is the units digit of (9 - -3)/((-4)/r)?
6
Let g = 1 - 4. Let p = 18 + g. What is the tens digit of p?
1
Let k(q) = q**3 - 7*q**2 + 6. Let m be k(7). Let d be ((-8)/m)/(1/(-48)). Suppose 6*f - 4*f - d = 0. What is the tens digit of f?
3
Let o be ((-20)/(-5) + -385)*-1. Suppose 4*f - o = 3*y, f + 174 = 3*f + 4*y. What is the units digit of f?
3
Let n = 101 - 95. Suppose 16*r - 1360 = n*r. What is the hundreds digit of r?
1
Let j be (0 + 72)*(1 - (-22)/8). Suppose 5*r - j = -5*u, -9 = -2*r - 3. What is the units digit of u?
1
Let n be -1 - (9 - 4 - 4). What is the units digit of ((-154)/(-49))/(n/(-14))?
2
Let j(p) = 46*p**3 - 2*p**2 + 2*p - 1. Suppose 0 = -5*v + 3 + 2. What is the tens digit of j(v)?
4
Let c = 135 - -1475. What is the thousands digit of c?
1
Suppose -262850 = -45*r - 5*r. What is the tens digit of r?
5
What is the tens digit of -3 + 6 - ((-1360)/2)/4?
7
Suppose 2180 = 6*r - 304. What is the hundreds digit of r?
4
Let y be 6/(-14) - (-60)/(-7). Let r = y - -16. Suppose -r*f + 3*f = 2*v - 56, -4*v + 94 = -f. What is the units digit of v?
4
Let m = -31 + 21. What is the hundreds digit of (212/m)/((42/60)/(-7))?
2
Let j(f) = f**3 - 11*f**2 - 16*f + 13. Let n be j(13). Suppose -2*b = -n - 61. What is the tens digit of b?
0
Suppose -5*n = -19 + 9. Suppose -2*g + 80 = 2*g + 2*i, n*i - 14 = -g. What is the tens digit of g?
2
Let d(x) = -x**3 + 10*x**2 + 5*x - 21. Let a be (2 + 13)*2/3. What is the tens digit of d(a)?
2
Let x(a) = -a**3 - 35*a**2 + 27*a + 76. What is the hundreds digit of x(-36)?
4
Suppose -2*c = 0, 3*c = 3*x + c. What is the units digit of (2 - (x - 1))/1 - -69?
2
Let b(n) = -n**2 + 9*n + 13. Let f be b(10). Let o = -25 - f. What is the units digit of 1/((-4)/12) - o?
5
Let v = 51 + -36. Suppose -v = -8*u + 3*u. Suppose -u*m + 5 = 2*c - 28, 27 = c - 2*m. What is the tens digit of c?
2
Let f(u) = u**3 + 32*u**2 - 28*u - 48. What is the thousands digit of f(-15)?
4
Let s = 1 - -57. What is the units digit of s?
8
Suppose -11*z + 6*z + 155 = 0. Suppose -7*j + z = -11. What is the units digit of j?
6
Let l = -8 - -14. Let p = -6 + l. Suppose p = -6*q + q + 85. What is the tens digit of q?
1
Suppose -7*f = -12*f - 1095. Let p = -139 - f. What is the units digit of p?
0
What is the hundreds digit of (4 + (-5)/2)*(-23632)/(-42)?
8
Let s(j) = 28*j**3 - 7*j**2 + 6*j - 2. What is the thousands digit of s(4)?
1
Suppose 4*d - 2*a - 41 = d, 0 = -5*d + 3*a + 67. Let y(j) = -j**3 + 10*j**2 + 11*j + 3. What is the units digit of y(d)?
3
Let t be -336*1/((-4)/3). Let f = 475 - t. What is the units digit of f?
3
Let u be ((-8)/7 - 8/(-28))*7. What is the units digit of 2/((-312)/(-994) + u/21)?
1
Let c = -94 - -218. Suppose -3*y + 84 = -3*w, -w - c = -5*y - 0*w. Let p = -2 + y. What is the units digit of p?
2
Let f(p) = -4*p**2 + p + 1. Let a be f(-1). Let x be a/(-6)*(-6)/(-2). Let u = x + 1. What is the units digit of u?
3
Suppose 15321 = 10*w + 4481. What is the hundreds digit of w?
0
Let s = 437 + 367. What is the hundreds digit of s?
8
Let u = 2 + 0. Suppose u*s + 8 = 0, -3*s + 20 = -4*i + s. Let l(x) = -3*x - 13. What is the tens digit of l(i)?
1
Suppose 6*j + 6114 - 19752 = 0. What is the thousands digit of j?
2
Let l(k) = 20*k + 4 - 45*k + 19*k. Let j(s) = -1. Let d(x) = -5*j(x) - l(x). What is the units digit of d(8)?
9
Suppose k - 3*k + 40 = 0. Suppose -4*v + 1 = 3*s - 79, -5*s = k. What is the units digit of v?
3
Suppose -5*i - 3*s + 772 = 0, -17*i - 4*s - 779 = -22*i. What is the units digit of i?
5
Let g be 1/(-2 + 3/2)*-2. Suppose -5*i + 125 = 3*z - 155, g*i - 251 = 3*z. What is the tens digit of i?
5
Suppose 44*a = 3*a + 100163. What is the units digit of a?
3
Let z be 2/13 + 115/13. Let b(u) = 3*u - 9. Let h be b(z). Suppose -w = -2*j - h, -w + 2 = -j + 3*j. What is the units digit of w?
0
Let u be (15/4)/(54/(-144)). Let d be 4/3 + u/(-15). Suppose f - d*f = -61. What is the units digit of f?
1
Suppose q + q + 3*m - 10 = 0, -12 = -3*m. Let d(a) be the first derivative of 9*a**3 + a**2 + a + 3. What is the units digit of d(q)?
6
Suppose 120 = -l - 3*l. Let o be (-6)/10 + (-1315)/(-25). Let w = o + l. What is the units digit of w?
2
Suppose -2*i = 3*i + 2*k - 8062, -i = 4*k - 1616. Suppose -4*t - i = -4*f, 0*t - t + 5 = 0. Suppose -113 = 5*p - f. What is the units digit of p?
9
Let l be (-46)/(-14) + (-2)/7. Let z = -1 + l. Suppose 5 = s - z. What is the units digit of s?
7
Let o(l) = -3*l**3 + 3*l**2 + 5*l + 21. Let f(v) = v**3 - 2*v**2 - 3*v - 10. Let m(u) = 5*f(u) + 2*o(u). What is the units digit of m(-4)?
2
Let q(r) = 4*r**3 - 6*r**2 + 2*r - 6*r**3 + 3 + 4*r**3. What is the tens digit of q(4)?
4
Suppose 5*v - 5 = -10. What is the units digit of -4 - (v + (-16)/4)?
1
Suppose 3*j = x + 7, 2 + 1 = -3*x + 3*j. Let i(g) = 1 + 2*g**2 - 139*g + 2*g**3 + 137*g - 5*g**x. What is the tens digit of i(3)?
2
Let j(a) = a. Let m(o) = 10*o + 6. Let v(r) = 8*j(r) - m(r). Let p be v(-4). Suppose -p*t - 173 = -5*t - g, -15 = -3*g. What is the tens digit of t?
5
Suppose -a = 34 - 36. Suppose -4*o + 612 = a*o. What is the units digit of o?
2
Let v = 864 + -444. What is the units digit of v?
0
Let s be (-5310)/(-16) + 3/24. Suppose 3*l - 5*n = 241, -3*l + 4*n = -7*l + s. What is the tens digit of l?
8
What is the hundreds digit of (354/10)/((-21)/(-70))?
1
Let t be 3 + 5 - (5 - 2). Let b be t + 0/(2 - 1). Suppose 57 + 33 = b*p. What is the units digit of p?
8
Let o = -262 - -458. What is the hundreds digit of o?
1
Suppose -2*u = 3*u + 4*f + 20, 3*u - 5*f + 49 = 0. What is the tens digit of (-2)/u - 1881/(-44)?
4
Let v be 5*2*(-4)/(-8). Let q(z) = z - 4. Let t be q(v). What is the tens digit of 2/t*55/10?
1
Let h = 12 + -6. Suppose h*s = 3*s - 4*u + 40, 0 = -s + u + 4. Suppose -v - v = -s. What is the units digit of v?
4
Suppose 0 = n - 2 - 0. Suppose n*r - 5*s = -s + 92, -4*s = -4*r + 188. Suppose 0 = -j - 2*j + r. What is the tens digit of j?
1
Suppose k - 4 + 0 = 0. Let t = 18 - k. What is the tens digit of t?
1
Suppose -w = k - 2249, -10*w = -11*w. What is the tens digit of k?
4
Let s(b) = -b**3 + 5*b**2 - 3*b - 2. Let d be s(4). Let i(f) = -13*f - 6 + d + 3. What is the tens digit of i(-2)?
2
What is the units digit of (-302)/(-1057) - (0 - (-6641)/(-7))?
9
Let w = 246 - -291. What is the units digit of w?
7
Let l(m) = m**2 + 12*m - 87. What is the hundreds digit of l(32)?
3
Let l(g) = g + 8. Let m be l(-4). Suppose 34 = -2*p + m*p. What is the units digit of p?
7
Suppose 6*v + 3*v = 9. What is the units digit of v?
1
Let t(y) = 2*y**2 - 87*y + 153. What is the thousands digit of t(-38)?
6
Suppose 5*h - 3 = 3*z + 1, -h = z - 4. Suppose -z*y + 5 = -5. Suppose 79 = y*u + 4. What is the tens digit of u?
1
Let d(y) = 29*y**2 + 2*y + 6. Let s be d(-4). Let v = -228 - s. What is the units digit of v/(-78) - (-4)/26?
9
Suppose 22 + 3 = 5*p. Suppose 12 + 28 = p*i. Suppose 0 = 5*b - 12 - i. What is the units digit of b?
4
Suppose 42000 = 3*d + 2*d. Suppose 4*i + q + 12600 = 7*i, 0 = 2*i - 5*q - d. What is the tens digit of 2/(-11) + i/110?
3
Let v = -9326 - -14951. What is the tens digit of v?
2
Suppose -3*y + 1612 = 373. Let d = -276 + y. What is the tens digit of d?
3
What is the tens digit of (-22)/4*(-161 - 5)?
1
Let n(h) = 7*h**3 + 6*h**2 - 12*h + 2. What is the units digit of n(3)?
9
Suppose 5*o - 2224 = -3*h, 0 = -6*h + 10*h - 2*o - 3000. What is the tens digit of h?
4
Suppose -q = 4*q - 25. Suppose q*b - 23 - 57 = 0. Suppose b = -4*f + 40. What is the units digit of f?
6
Let w(d) = 306*d**2 + 6*d + 5. What is the hundreds digit of w(-1)?
3
Let u(i) = 10*i**2 + 2*i + 28. Let d be u(-6). Let h = -11 + 17. What is the units digit of 16/(-24) + d/h?
2
Suppose 5*u - 120 = -5*r - 0*u, 2*r - 69 = 5*u. Let n be (-843)/r + 4/18. Let k = -2 - n. What is the units digit of k?
9
Suppose -3*o + 5*f = 40, 10*f = -4*o + 5*f - 65. Let s = 6 + o. Let j(x) = -2*x + 6. What is the tens digit of j(s)?
2
Let q be (-44)/(-7) - 30/105. Let l be (-4)/(-6) + 1244/q. Suppose 5*t + 2*b = 215, 5*t + b = l + 12. What is the tens digit of t?
4
Suppose -2*b = -10, -3*b + 10 = -3*i - b. Suppose 0 = 4*c + 2*w - 22, 0 = -i*c - 2*c + w + 9. What is the units digit of c?
5
Let y = 403 + -2